{"id":1491,"date":"2023-07-27T16:05:27","date_gmt":"2023-07-27T16:05:27","guid":{"rendered":"https:\/\/zijiart.com\/?page_id=1491"},"modified":"2025-07-14T12:22:24","modified_gmt":"2025-07-14T12:22:24","slug":"yun","status":"publish","type":"page","link":"https:\/\/zijiart.com\/?page_id=1491","title":{"rendered":"Les arts contemplatifs"},"content":{"rendered":"<p style=\"text-align: center;\">\u00ab L\u2019art se trouve au c\u0153ur de notre \u00eatre le plus intime et il fait partie de la nature des choses tout aussi s\u00fbrement qu\u2019un arbre, un lac, un nuage. Quand nous l\u2019ignorons, m\u00eame en tant que spectateurs, nous en sommes diminu\u00e9s pendant tout notre bref s\u00e9jour terrestre \u00bb<br \/>\nJim Harrison<\/p>\n<p><img loading=\"lazy\" decoding=\"async\" class=\"aligncenter size-full wp-image-97\" src=\"https:\/\/zijiart.com\/wp-content\/uploads\/2013\/07\/Surmang_150.jpg\" alt=\"Surmang_150\" width=\"150\" height=\"150\" \/><\/p>\n<p style=\"text-align: center;\">\u00ab\u00a0Le propos de l&rsquo;approche contemplative est de r\u00e9veiller le regard que nous portons sur les exp\u00e9riences, ordinaires ou impr\u00e9visibles, qui se pr\u00e9sentent ici, maintenant.\u00a0 Comment cultiver notre cr\u00e9ativit\u00e9 dans notre exp\u00e9rience quotidienne et artistique ?<\/p>\n<p style=\"text-align: center;\">Comment d\u00e9velopper un regard artistique dans notre vie de tous les jours, une curiosit\u00e9 et une appr\u00e9ciation du monde dit \u00ab\u00a0ordinaire\u00a0\u00bb ?<\/p>\n<p style=\"text-align: center;\">Comment lib\u00e9rer l&rsquo;exp\u00e9rience artistique des enjeux de r\u00e9ussite personnelle et de reconnaissance sociale ; comment nous ouvrir \u00e0 des possibilit\u00e9s d&rsquo;expression et d&rsquo;exploration neuves et authentiques, d\u00e9gag\u00e9es des pr\u00e9conceptions esth\u00e9tiques et des r\u00e9f\u00e9rences culturelles id\u00e9ales ? La pratique des arts contemplatifs nous propose d&rsquo;aller \u00e0 la rencontre du monde de nos perceptions, de notre rapport \u00e0 l&rsquo;espace, aux objets et aux autres avec simplicit\u00e9, douceur et cultive la libert\u00e9 d&rsquo;explorer ce qui surgit.<\/p>\n<p style=\"text-align: center;\">L\u00e2cher prise de nos tendances \u00e0 vouloir ma\u00eetriser et r\u00e9p\u00e9ter le connu, donner de la place \u00e0 l&rsquo;inattendu, \u00e0 l&rsquo;impr\u00e9visible de ce que nous sommes spontan\u00e9ment. \u2028Nous lib\u00e9rer de l&rsquo;agressivit\u00e9, qu&rsquo;elle soit tourn\u00e9e vers nous, lorsque nous doutons ou exigeons de nous-m\u00eames, ou qu&rsquo;elle soit tourn\u00e9e vers les autres, lorsque nous cherchons \u00e0 impressionner par du spectaculaire.\u2028 Nous laissant \u00eatre, entrer en contact et en \u00e9change avec ce qui est l\u00e0 : que cela nous s\u00e9duise, nous repousse, nous effraie ou nous indiff\u00e8re, lui donner voix.\u2028 Du point de vue contemplatif, la question n&rsquo;est pas de produire une \u00ab belle \u00bb \u0153uvre mais d&rsquo;exp\u00e9rimenter le plus directement et exprimer au plus juste les processus de pens\u00e9e et les ph\u00e9nom\u00e8nes du monde que nous traversons.\u00a0\u00bb Lou Goineau<\/p>\n<p style=\"text-align: center;\">Cette approche est le fruit du dialogue et de la collaboration entre Ch\u00f6gyam Trungpa et des artistes occidentaux, comme Allen Ginsberg, Anne Waldman, Jerry Granelli, John Cage. Barbara Dilley&#8230;<\/p>\n<p style=\"text-align: center;\">En percevant le monde directement, sans utiliser les filtres et les jugements de l\u2019esprit conceptuel, nous sommes plus ouverts et en contact avec notre monde.\u00a0Tr\u00e8s riches en contenu, ces enseignements nous ouvrent de vastes espaces de perception et d\u2019expression.<\/p>\n<p style=\"text-align: center;\">\u00abL\u2019art contemplatif est l\u2019art qui jaillit de l\u2019\u00e9tat d\u2019esprit m\u00e9ditatif. S\u2019entra\u00eener aux arts contemplatifs c\u2019est appr\u00e9cier l\u2019unicit\u00e9 de l\u2019exp\u00e9rience sensorielle. Dans ce contexte l\u2019art devrait provoquer une qualit\u00e9 d\u2019attention \u00e9veill\u00e9e, de pr\u00e9sence. Une \u0153uvre d\u2019art arr\u00eate notre esprit et nous am\u00e8ne dans l\u2019instant ; au del\u00e0 de cela m\u00eame elle pourrait nous emmener dans une certaine direction&#8230; dans l\u2019id\u00e9e que l\u2019art peut accentuer ou r\u00e9v\u00e9ler la r\u00e9alit\u00e9 d\u2019une situation, qu\u2019il peut mettre en relief la magie qui est d\u00e9j\u00e0 \u00e0 l\u2019\u0153uvre. \u00bb<br \/>\nC. Trungpa.<\/p>\n<p style=\"text-align: center;\">\u2665<\/p>\n<p style=\"text-align: center;\">Y\u00dcN<\/p>\n<p style=\"text-align: center;\">Le projet Y\u00dcN (en suspens depuis la p\u00e9riode covid) a pour but d\u2019int\u00e9grer la discipline contemplative au meilleur des traditions occidentales. D\u00e9di\u00e9 \u00e0 l\u2019apprentissage d\u2019artistes \u00e9mergents ou \u00e9tablis aussi bien qu\u2019\u00e0 des personnes qui n&rsquo;ont pas de discipline artistique, \u00e0 l\u2019innovation aussi bien qu\u2019\u00e0 la pratique de techniques traditionnelles, ce programme int\u00e8gre le th\u00e9\u00e2tre, danse, musique ainsi que l\u2019\u00e9criture dans une orientation exp\u00e9rimentale. Chaque groupe travaille comme une compagnie d\u00e9di\u00e9e \u00e0 la recherche dans un environnement favorisant la cr\u00e9ation.<\/p>\n<p style=\"text-align: center;\"><span style=\"color: #666699;\"><strong><em>The mission of this program is to integrate contemplatives disciplines and the best of western theatre and dance tradition, to bring the practices of mindfulness and awareness into the process and training of emerging artists as well as established artists. Using the company model, each group is devoted to innovative research, traditional techniques as well as delivering accomplished products\u2026 The program integrates theater, dance, music and innovative ways of writing \u00a0based on a \u00ab\u00a0lab\u00a0\u00bb or experimental orientation and designed for mature applicants who have grounding in traditional techniques and have cultivated their own point of view and body of work or complete beginners\u2026<\/em><\/strong><\/span><\/p>\n","protected":false},"excerpt":{"rendered":"<p>\u00ab L\u2019art se trouve au c\u0153ur de notre \u00eatre le plus intime et il fait partie de la nature des choses tout aussi s\u00fbrement qu\u2019un arbre, un lac, un nuage. Quand nous l\u2019ignorons, m\u00eame en tant que spectateurs, nous en sommes diminu\u00e9s pendant tout notre bref s\u00e9jour terrestre \u00bb Jim Harrison \u00ab\u00a0Le propos de l&rsquo;approche contemplative est de r\u00e9veiller le regard que nous portons sur les exp\u00e9riences, ordinaires ou impr\u00e9visibles, qui se pr\u00e9sentent ici, maintenant.\u00a0 Comment cultiver notre cr\u00e9ativit\u00e9 dans notre exp\u00e9rience quotidienne et artistique ? Comment d\u00e9velopper un regard artistique dans notre vie de tous les jours, une curiosit\u00e9 et une appr\u00e9ciation du monde dit \u00ab\u00a0ordinaire\u00a0\u00bb ? Comment lib\u00e9rer l&rsquo;exp\u00e9rience artistique des enjeux de r\u00e9ussite personnelle et de reconnaissance sociale ; comment nous ouvrir \u00e0 des possibilit\u00e9s d&rsquo;expression et d&rsquo;exploration neuves et authentiques, d\u00e9gag\u00e9es des pr\u00e9conceptions esth\u00e9tiques et des r\u00e9f\u00e9rences culturelles id\u00e9ales ? La pratique des arts contemplatifs nous propose d&rsquo;aller \u00e0 la rencontre du monde de nos perceptions, de notre rapport \u00e0 l&rsquo;espace, aux objets et aux autres avec simplicit\u00e9, douceur et cultive la libert\u00e9 d&rsquo;explorer ce qui surgit. L\u00e2cher prise de nos tendances \u00e0 vouloir ma\u00eetriser et r\u00e9p\u00e9ter le connu, donner de la place \u00e0 l&rsquo;inattendu, \u00e0 l&rsquo;impr\u00e9visible de ce que nous sommes spontan\u00e9ment. \u2028Nous lib\u00e9rer de l&rsquo;agressivit\u00e9, qu&rsquo;elle soit tourn\u00e9e vers nous, lorsque nous doutons ou exigeons de nous-m\u00eames, ou qu&rsquo;elle soit tourn\u00e9e vers les autres, lorsque nous cherchons \u00e0 impressionner par du spectaculaire.\u2028 Nous laissant \u00eatre, entrer en contact et en \u00e9change avec ce qui est l\u00e0 : que cela nous s\u00e9duise, nous repousse, nous effraie ou nous indiff\u00e8re, lui donner voix.\u2028 Du point de vue contemplatif, la question n&rsquo;est pas de produire une \u00ab belle \u00bb \u0153uvre mais d&rsquo;exp\u00e9rimenter le plus directement et exprimer au plus juste les processus de pens\u00e9e et les ph\u00e9nom\u00e8nes du monde que nous traversons.\u00a0\u00bb Lou Goineau Cette approche est le fruit du dialogue et de la collaboration entre Ch\u00f6gyam Trungpa et des artistes occidentaux, comme Allen Ginsberg, Anne Waldman, Jerry Granelli, John Cage. Barbara Dilley&#8230; En percevant le monde directement, sans utiliser les filtres et les jugements de l\u2019esprit conceptuel, nous sommes plus ouverts et en contact avec notre monde.\u00a0Tr\u00e8s riches en contenu, ces enseignements nous ouvrent de vastes espaces de perception et d\u2019expression. \u00abL\u2019art contemplatif est l\u2019art qui jaillit de l\u2019\u00e9tat d\u2019esprit m\u00e9ditatif. S\u2019entra\u00eener aux arts contemplatifs c\u2019est appr\u00e9cier l\u2019unicit\u00e9 de l\u2019exp\u00e9rience sensorielle. Dans ce contexte l\u2019art devrait provoquer une qualit\u00e9 d\u2019attention \u00e9veill\u00e9e, de pr\u00e9sence. Une \u0153uvre d\u2019art arr\u00eate notre esprit et nous am\u00e8ne dans l\u2019instant ; au del\u00e0 de cela m\u00eame elle pourrait nous emmener dans une certaine direction&#8230; dans l\u2019id\u00e9e que l\u2019art peut accentuer ou r\u00e9v\u00e9ler la r\u00e9alit\u00e9 d\u2019une situation, qu\u2019il peut mettre en relief la magie qui est d\u00e9j\u00e0 \u00e0 l\u2019\u0153uvre. \u00bb C. Trungpa. \u2665 Y\u00dcN Le projet Y\u00dcN (en suspens depuis la p\u00e9riode covid) a pour but d\u2019int\u00e9grer la discipline contemplative au meilleur des traditions occidentales. D\u00e9di\u00e9 \u00e0 l\u2019apprentissage d\u2019artistes \u00e9mergents ou \u00e9tablis aussi bien qu\u2019\u00e0 des personnes qui n&rsquo;ont pas de discipline artistique, \u00e0 l\u2019innovation aussi bien qu\u2019\u00e0 la pratique de techniques traditionnelles, ce programme int\u00e8gre le th\u00e9\u00e2tre, danse, musique ainsi que l\u2019\u00e9criture dans une orientation exp\u00e9rimentale. Chaque groupe travaille comme une compagnie d\u00e9di\u00e9e \u00e0 la recherche dans un environnement favorisant la cr\u00e9ation. The mission of this program is to integrate contemplatives disciplines and the best of western theatre and dance tradition, to bring the practices of mindfulness and awareness into the process and training of emerging artists as well as established artists. Using the company model, each group is devoted to innovative research, traditional techniques as well as delivering accomplished products\u2026 The program integrates theater, dance, music and innovative ways of writing \u00a0based on a \u00ab\u00a0lab\u00a0\u00bb or experimental orientation and designed for mature applicants who have grounding in traditional techniques and have cultivated their own point of view and body of work or complete beginners\u2026<\/p>\n","protected":false},"author":2,"featured_media":0,"parent":0,"menu_order":0,"comment_status":"closed","ping_status":"closed","template":"","meta":{"footnotes":""},"class_list":["post-1491","page","type-page","status-publish","hentry"],"_links":{"self":[{"href":"https:\/\/zijiart.com\/index.php?rest_route=\/wp\/v2\/pages\/1491","targetHints":{"allow":["GET"]}}],"collection":[{"href":"https:\/\/zijiart.com\/index.php?rest_route=\/wp\/v2\/pages"}],"about":[{"href":"https:\/\/zijiart.com\/index.php?rest_route=\/wp\/v2\/types\/page"}],"author":[{"embeddable":true,"href":"https:\/\/zijiart.com\/index.php?rest_route=\/wp\/v2\/users\/2"}],"replies":[{"embeddable":true,"href":"https:\/\/zijiart.com\/index.php?rest_route=%2Fwp%2Fv2%2Fcomments&post=1491"}],"version-history":[{"count":16,"href":"https:\/\/zijiart.com\/index.php?rest_route=\/wp\/v2\/pages\/1491\/revisions"}],"predecessor-version":[{"id":2190,"href":"https:\/\/zijiart.com\/index.php?rest_route=\/wp\/v2\/pages\/1491\/revisions\/2190"}],"wp:attachment":[{"href":"https:\/\/zijiart.com\/index.php?rest_route=%2Fwp%2Fv2%2Fmedia&parent=1491"}],"curies":[{"name":"wp","href":"https:\/\/api.w.org\/{rel}","templated":true}]}}